
1
What is the millions digit of 67550482?
7
What is the millions digit of 671879756?
1
What is the hundreds digit of 151812506?
5
What is the tens digit of 103408154?
5
What is the units digit of 74523353?
3
What is the ten millions digit of 3640121341?
4
What is the ten thousands digit of 86932756?
3
What is the millions digit of 202624508?
2
What is the tens digit of 1723993015?
1
What is the ten millions digit of 110486287?
1
What is the hundred thousands digit of 115357409?
3
What is the ten thousands digit of 3963871330?
7
What is the hundreds digit of 38516644?
6
What is the units digit of 689726756?
6
What is the units digit of 67476919?
9
What is the thousands digit of 33504373?
4
What is the tens digit of 583236785?
8
What is the tens digit of 285854651?
5
What is the hundreds digit of 34770078?
0
What is the ten millions digit of 101907012?
0
What is the ten millions digit of 87938358?
8
What is the ten thousands digit of 232815623?
1
What is the units digit of 6773078979?
9
What is the ten millions digit of 3646964460?
4
What is the hundred thousands digit of 105213685?
2
What is the thousands digit of 1291433?
1
What is the millions digit of 1203538930?
3
What is the thousands digit of 3439253197?
3
What is the hundred thousands digit of 293122335?
1
What is the units digit of 283196071?
1
What is the tens digit of 799855081?
8
What is the hundred thousands digit of 457313587?
3
What is the thousands digit of 185381359?
1
What is the hundred thousands digit of 1017853941?
8
What is the millions digit of 285161125?
5
What is the billions digit of 1075706800?
1
What is the thousands digit of 10367371?
7
What is the millions digit of 67149592?
7
What is the hundred millions digit of 1039130143?
0
What is the tens digit of 37988567?
6
What is the thousands digit of 41645280?
5
What is the hundreds digit of 58968921?
9
What is the hundred millions digit of 5020728985?
0
What is the billions digit of 1729937462?
1
What is the hundreds digit of 171376032?
0
What is the ten thousands digit of 51651529?
5
What is the hundred thousands digit of 249533146?
5
What is the hundreds digit of 1955183203?
2
What is the ten thousands digit of 1141053680?
5
What is the thousands digit of 14648302?
8
What is the units digit of 1435535436?
6
What is the units digit of 3729061129?
9
What is the units digit of 36965050?
0
What is the thousands digit of 34224427?
4
What is the ten thousands digit of 2399765502?
6
What is the hundred millions digit of 115193514?
1
What is the hundreds digit of 38669456?
4
What is the millions digit of 425528218?
5
What is the thousands digit of 53403113?
3
What is the millions digit of 82121852?
2
What is the units digit of 79974370?
0
What is the units digit of 912360484?
4
What is the tens digit of 124231452?
5
What is the tens digit of 4751378?
7
What is the thousands digit of 48049187?
9
What is the hundred millions digit of 183024512?
1
What is the ten thousands digit of 27828454?
2
What is the units digit of 7736189856?
6
What is the hundred thousands digit of 63992439?
9
What is the hundred thousands digit of 3662973102?
9
What is the hundreds digit of 85581956?
9
What is the units digit of 1079291837?
7
What is the tens digit of 47120642?
4
What is the tens digit of 93487461?
6
What is the thousands digit of 2167174242?
4
What is the ten thousands digit of 404203329?
0
What is the hundred millions digit of 135858119?
1
What is the tens digit of 2591999833?
3
What is the ten millions digit of 23172411?
2
What is the units digit of 51819321?
1
What is the tens digit of 27124464?
6
What is the thousands digit of 60433059?
3
What is the hundred millions digit of 100751551?
1
What is the thousands digit of 515805030?
5
What is the tens digit of 1074334958?
5
What is the billions digit of 1960195080?
1
What is the hundreds digit of 128981075?
0
What is the units digit of 71074898?
8
What is the millions digit of 24193035?
4
What is the units digit of 2248276054?
4
What is the hundreds digit of 37611759?
7
What is the thousands digit of 22605284?
5
What is the units digit of 7976639748?
8
What is the millions digit of 1526200229?
6
What is the millions digit of 414373611?
4
What is the hundreds digit of 992672041?
0
What is the tens digit of 2708342339?
3
What is the units digit of 182410712?
2
What is the millions digit of 223361217?
3
What is the hundred thousands digit of 2158521140?
5
What is the hundreds digit of 107867654?
6
What is the hundreds digit of 3380270926?
9
What is the thousands digit of 98999396?
9
What is the hundreds digit of 1787136711?
7
What is the hundred thousands digit of 932145134?
1
What is the units digit of 205289573?
3
What is the units digit of 37494270?
0
What is the ten thousands digit of 9923916?
2
What is the ten thousands digit of 91180150?
8
What is the tens digit of 125859648?
4
What is the ten thousands digit of 47376377?
7
What is the millions digit of 6805895538?
5
What is the hundred millions digit of 1376929195?
3
What is the units digit of 316638745?
5
What is the ten thousands digit of 479147478?
4
What is the ten millions digit of 136415464?
3
What is the hundred thousands digit of 150133596?
1
What is the hundreds digit of 685027843?
8
What is the billions digit of 7336063252?
7
What is the billions digit of 1606539723?
1
What is the millions digit of 117809653?
7
What is the thousands digit of 27967985?
7
What is the units digit of 3866470229?
9
What is the units digit of 56958677?
7
What is the ten millions digit of 5543451568?
4
What is the millions digit of 22169885?
2
What is the thousands digit of 817678057?
8
What is the thousands digit of 5403335070?
5
What is the ten thousands digit of 55315389?
1
What is the thousands digit of 153904757?
4
What is the ten thousands digit of 49310824?
1
What is the ten millions digit of 170993268?
7
What is the tens digit of 156414513?
1
What is the ten millions digit of 73229296?
7
What is the hundreds digit of 9405382?
3
What is the hundred thousands digit of 298935318?
9
What is the ten thousands digit of 166293207?
9
What is the hundred thousands digit of 88456515?
4
What is the millions digit of 321965209?
1
What is the ten millions digit of 214019977?
1
What is the hundreds digit of 47784033?
0
What is the ten millions digit of 16792964?
1
What is the hundred thousands digit of 610269037?
2
What is the hundreds digit of 132492473?
4
What is the hundreds digit of 24486191?
1
What is the ten thousands digit of 2470910400?
1
What is the millions digit of 387859341?
7
What is the tens digit of 2641509992?
9
What is the hundred millions digit of 676561814?
6
What is the hundreds digit of 121549756?
7
What is the tens digit of 166244500?
0
What is the thousands digit of 72515755?
5
What is the billions digit of 1225009427?
1
What is the hundreds digit of 46472891?
8
What is the hundred thousands digit of 62321230?
3
What is the hundred millions digit of 639459744?
6
What is the tens digit of 178874496?
9
What is the thousands digit of 742556268?
6
What is the hundreds digit of 1727610648?
6
What is the thousands digit of 167406799?
6
What is the thousands digit of 680138873?
8
What is the hundred thousands digit of 26289573?
2
What is the tens digit of 89801315?
1
What is the hundreds digit of 953647700?
7
What is the units digit of 56755291?
1
What is the tens digit of 6941297364?
6
What is the hundred thousands digit of 333015151?
0
What is the ten millions digit of 675648578?
7
What is the thousands digit of 112612491?
2
What is the ten thousands digit of 178143023?
4
What is the ten millions digit of 542253982?
4
What is the hundreds digit of 88972786?
7
What is the ten millions digit of 3707612510?
0
What is the hundred thousands digit of 145642177?
6
What is the tens digit of 1284704909?
0
What is the hundred millions digit of 155049321?
1
What is the hundred thousands digit of 38820335?
8
What is the ten thousands digit of 1730640067?
4
What is the units digit of 339755804?
4
What is the units digit of 603667942?
2
What is the ten thousands digit of 336935834?
3
What is the ten millions digit of 2793582018?
9
What is the hundred thousands digit of 1126586928?
5
What is the tens digit of 64457495?
9
What is the hundreds 